{"id":560,"date":"2017-06-29T16:52:24","date_gmt":"2017-06-29T14:52:24","guid":{"rendered":"http:\/\/rhizomehorizon-paysage.fr\/?page_id=560"},"modified":"2020-07-08T17:19:22","modified_gmt":"2020-07-08T15:19:22","slug":"mentions-legales","status":"publish","type":"page","link":"https:\/\/rhizomehorizon-paysage.fr\/index.php\/mentions-legales\/","title":{"rendered":"Mentions l\u00e9gales"},"content":{"rendered":"\n[et_pb_section fb_built=\u00a0\u00bb1&Prime; admin_label=\u00a0\u00bbsection\u00a0\u00bb _builder_version=\u00a0\u00bb3.22&Prime;][et_pb_row admin_label=\u00a0\u00bbrow\u00a0\u00bb _builder_version=\u00a0\u00bb3.25&Prime; background_size=\u00a0\u00bbinitial\u00a0\u00bb background_position=\u00a0\u00bbtop_left\u00a0\u00bb background_repeat=\u00a0\u00bbrepeat\u00a0\u00bb][et_pb_column type=\u00a0\u00bb4_4&Prime; _builder_version=\u00a0\u00bb3.25&Prime; custom_padding=\u00a0\u00bb|||\u00a0\u00bb custom_padding__hover=\u00a0\u00bb|||\u00a0\u00bb][et_pb_text _builder_version=\u00a0\u00bb3.27.4&Prime;]<div class=\"content2\">\n<h3>Rhizome &amp; Horizon<\/h3>\n<p>EIRL REQUIN Anima-Concep&rsquo;Tion Paysag\u00e8re<\/p>\n<p>SIRET : 830 859 591 00026<\/p>\n<h3>Responsable de la publication<\/h3>\n<p>Me Requin Adeline<br \/> Courriel : contact@rhizomehorizon-paysage.fr<\/p>\n<h3>Illustrations et photos<\/h3>\n<p>\u00a9 Adeline Requin &#8211; tous droits r\u00e9serv\u00e9s<\/p>\n<h3>Conception \/ R\u00e9alisation<\/h3>\n<p>Adeline Requin<br \/> 59300 VALENCIENNES &#8211; FRANCE<br \/> Tel : (+33) 6 23 79 32 61<\/p>\n<p>Code APE 7111Z<br \/> N\u00b0 TVA : FR 49 830859591<\/p>\n<p>Site internet : <a class=\"externe\" href=\"http:\/\/www.clerc-et-net.com\">http:\/\/www.rhizomehorizon-paysage.fr<\/a><br \/> Courriel : contact@rhizomehorizon-paysage.fr<\/p>\n<h3>H\u00e9bergement du site<\/h3>\n<p>OVH &#8211; SAS au capital de 10 069 020 \u20ac<br \/> RCS Lille M\u00e9tropole 424 761 419 00045<br \/> Code APE 2620Z<br \/> N\u00b0 TVA : FR 22 424 761 419<br \/> Si\u00e8ge social : 2 rue Kellermann &#8211; 59100 Roubaix &#8211; France<\/p>\n<h3>Loi informatique et libert\u00e9s \/ Traitement des donn\u00e9es personnelles<\/h3>\n<p>Conform\u00e9ment \u00e0 la loi \u00ab\u00a0Informatique et Libert\u00e9\u00a0\u00bb n\u00b0 78-17 du 8 janvier 1978 relative \u00e0 l&rsquo;informatique, aux fichiers et aux libert\u00e9s, vous disposez d&rsquo;un droit d&rsquo;acc\u00e8s et de rectification sur les donn\u00e9es nominatives que vous laissez sur ce site. Pour faire valoir ce droit, il vous suffit de nous contacter par courriel \u00e0 l&rsquo;adresse contact .<\/p>\n<p>Conform\u00e9ment au RGPD, Rhizome &amp; Horizon veille \u00e0 la s\u00e9curit\u00e9 des donn\u00e9es personnelles de ses clients. Nous nous engageons \u00e0 prendre toutes les pr\u00e9cautions n\u00e9cessaires afin de pr\u00e9server la s\u00e9curit\u00e9 de ces informations et notamment emp\u00eacher qu&rsquo;elles ne soient d\u00e9form\u00e9es, endommag\u00e9es ou communiqu\u00e9es \u00e0 des tiers, personne physique ou morale.<\/p>\n<\/div>[\/et_pb_text][\/et_pb_column][\/et_pb_row][\/et_pb_section]\n","protected":false},"excerpt":{"rendered":"<p>Rhizome &amp; Horizon EIRL REQUIN Anima-Concep&rsquo;Tion Paysag\u00e8re SIRET : 830 859 591 00026 Responsable de la publication Me Requin Adeline Courriel : contact@rhizomehorizon-paysage.fr Illustrations et photos \u00a9 Adeline Requin &#8211; tous droits r\u00e9serv\u00e9s Conception \/ R\u00e9alisation Adeline Requin 59300 VALENCIENNES &#8211; FRANCE Tel : (+33) 6 23 79 32 61 Code APE 7111Z N\u00b0 TVA [&hellip;]<\/p>\n","protected":false},"author":1,"featured_media":0,"parent":0,"menu_order":0,"comment_status":"closed","ping_status":"closed","template":"","meta":{"_et_pb_use_builder":"on","_et_pb_old_content":"","_et_gb_content_width":"","footnotes":""},"class_list":["post-560","page","type-page","status-publish","hentry"],"yoast_head":"<!-- This site is optimized with the Yoast SEO plugin v24.1 - https:\/\/yoast.com\/wordpress\/plugins\/seo\/ -->\n<title>Mentions l\u00e9gales - Rhizome &amp; Horizon<\/title>\n<meta name=\"robots\" content=\"index, nofollow, max-snippet:-1, max-image-preview:large, max-video-preview:-1\" \/>\n<link rel=\"canonical\" href=\"https:\/\/rhizomehorizon-paysage.fr\/index.php\/mentions-legales\/\" \/>\n<meta property=\"og:locale\" content=\"fr_FR\" \/>\n<meta property=\"og:type\" content=\"article\" \/>\n<meta property=\"og:title\" content=\"Mentions l\u00e9gales - Rhizome &amp; Horizon\" \/>\n<meta property=\"og:description\" content=\"Rhizome &amp; Horizon EIRL REQUIN Anima-Concep&#039;Tion Paysag\u00e8re SIRET : 830 859 591 00026 Responsable de la publication Me Requin Adeline Courriel : contact@rhizomehorizon-paysage.fr Illustrations et photos \u00a9 Adeline Requin - tous droits r\u00e9serv\u00e9s Conception \/ R\u00e9alisation Adeline Requin 59300 VALENCIENNES - FRANCE Tel : (+33) 6 23 79 32 61 Code APE 7111Z N\u00b0 TVA [&hellip;]\" \/>\n<meta property=\"og:url\" content=\"https:\/\/rhizomehorizon-paysage.fr\/index.php\/mentions-legales\/\" \/>\n<meta property=\"og:site_name\" content=\"Rhizome &amp; Horizon\" \/>\n<meta property=\"article:modified_time\" content=\"2020-07-08T15:19:22+00:00\" \/>\n<meta name=\"twitter:card\" content=\"summary_large_image\" \/>\n<meta name=\"twitter:label1\" content=\"Dur\u00e9e de lecture estim\u00e9e\" \/>\n\t<meta name=\"twitter:data1\" content=\"1 minute\" \/>\n<script type=\"application\/ld+json\" class=\"yoast-schema-graph\">{\"@context\":\"https:\/\/schema.org\",\"@graph\":[{\"@type\":\"WebPage\",\"@id\":\"https:\/\/rhizomehorizon-paysage.fr\/index.php\/mentions-legales\/\",\"url\":\"https:\/\/rhizomehorizon-paysage.fr\/index.php\/mentions-legales\/\",\"name\":\"Mentions l\u00e9gales - Rhizome &amp; Horizon\",\"isPartOf\":{\"@id\":\"https:\/\/rhizomehorizon-paysage.fr\/#website\"},\"datePublished\":\"2017-06-29T14:52:24+00:00\",\"dateModified\":\"2020-07-08T15:19:22+00:00\",\"breadcrumb\":{\"@id\":\"https:\/\/rhizomehorizon-paysage.fr\/index.php\/mentions-legales\/#breadcrumb\"},\"inLanguage\":\"fr-FR\",\"potentialAction\":[{\"@type\":\"ReadAction\",\"target\":[\"https:\/\/rhizomehorizon-paysage.fr\/index.php\/mentions-legales\/\"]}]},{\"@type\":\"BreadcrumbList\",\"@id\":\"https:\/\/rhizomehorizon-paysage.fr\/index.php\/mentions-legales\/#breadcrumb\",\"itemListElement\":[{\"@type\":\"ListItem\",\"position\":1,\"name\":\"Accueil\",\"item\":\"https:\/\/rhizomehorizon-paysage.fr\/\"},{\"@type\":\"ListItem\",\"position\":2,\"name\":\"Mentions l\u00e9gales\"}]},{\"@type\":\"WebSite\",\"@id\":\"https:\/\/rhizomehorizon-paysage.fr\/#website\",\"url\":\"https:\/\/rhizomehorizon-paysage.fr\/\",\"name\":\"Rhizome &amp; Horizon\",\"description\":\"Paysagiste conceptrice - Animatrice nature Valenciennes\",\"potentialAction\":[{\"@type\":\"SearchAction\",\"target\":{\"@type\":\"EntryPoint\",\"urlTemplate\":\"https:\/\/rhizomehorizon-paysage.fr\/?s={search_term_string}\"},\"query-input\":{\"@type\":\"PropertyValueSpecification\",\"valueRequired\":true,\"valueName\":\"search_term_string\"}}],\"inLanguage\":\"fr-FR\"}]}<\/script>\n<!-- \/ Yoast SEO plugin. -->","yoast_head_json":{"title":"Mentions l\u00e9gales - Rhizome &amp; Horizon","robots":{"index":"index","follow":"nofollow","max-snippet":"max-snippet:-1","max-image-preview":"max-image-preview:large","max-video-preview":"max-video-preview:-1"},"canonical":"https:\/\/rhizomehorizon-paysage.fr\/index.php\/mentions-legales\/","og_locale":"fr_FR","og_type":"article","og_title":"Mentions l\u00e9gales - Rhizome &amp; Horizon","og_description":"Rhizome &amp; Horizon EIRL REQUIN Anima-Concep'Tion Paysag\u00e8re SIRET : 830 859 591 00026 Responsable de la publication Me Requin Adeline Courriel : contact@rhizomehorizon-paysage.fr Illustrations et photos \u00a9 Adeline Requin - tous droits r\u00e9serv\u00e9s Conception \/ R\u00e9alisation Adeline Requin 59300 VALENCIENNES - FRANCE Tel : (+33) 6 23 79 32 61 Code APE 7111Z N\u00b0 TVA [&hellip;]","og_url":"https:\/\/rhizomehorizon-paysage.fr\/index.php\/mentions-legales\/","og_site_name":"Rhizome &amp; Horizon","article_modified_time":"2020-07-08T15:19:22+00:00","twitter_card":"summary_large_image","twitter_misc":{"Dur\u00e9e de lecture estim\u00e9e":"1 minute"},"schema":{"@context":"https:\/\/schema.org","@graph":[{"@type":"WebPage","@id":"https:\/\/rhizomehorizon-paysage.fr\/index.php\/mentions-legales\/","url":"https:\/\/rhizomehorizon-paysage.fr\/index.php\/mentions-legales\/","name":"Mentions l\u00e9gales - Rhizome &amp; Horizon","isPartOf":{"@id":"https:\/\/rhizomehorizon-paysage.fr\/#website"},"datePublished":"2017-06-29T14:52:24+00:00","dateModified":"2020-07-08T15:19:22+00:00","breadcrumb":{"@id":"https:\/\/rhizomehorizon-paysage.fr\/index.php\/mentions-legales\/#breadcrumb"},"inLanguage":"fr-FR","potentialAction":[{"@type":"ReadAction","target":["https:\/\/rhizomehorizon-paysage.fr\/index.php\/mentions-legales\/"]}]},{"@type":"BreadcrumbList","@id":"https:\/\/rhizomehorizon-paysage.fr\/index.php\/mentions-legales\/#breadcrumb","itemListElement":[{"@type":"ListItem","position":1,"name":"Accueil","item":"https:\/\/rhizomehorizon-paysage.fr\/"},{"@type":"ListItem","position":2,"name":"Mentions l\u00e9gales"}]},{"@type":"WebSite","@id":"https:\/\/rhizomehorizon-paysage.fr\/#website","url":"https:\/\/rhizomehorizon-paysage.fr\/","name":"Rhizome &amp; Horizon","description":"Paysagiste conceptrice - Animatrice nature Valenciennes","potentialAction":[{"@type":"SearchAction","target":{"@type":"EntryPoint","urlTemplate":"https:\/\/rhizomehorizon-paysage.fr\/?s={search_term_string}"},"query-input":{"@type":"PropertyValueSpecification","valueRequired":true,"valueName":"search_term_string"}}],"inLanguage":"fr-FR"}]}},"_links":{"self":[{"href":"https:\/\/rhizomehorizon-paysage.fr\/index.php\/wp-json\/wp\/v2\/pages\/560","targetHints":{"allow":["GET"]}}],"collection":[{"href":"https:\/\/rhizomehorizon-paysage.fr\/index.php\/wp-json\/wp\/v2\/pages"}],"about":[{"href":"https:\/\/rhizomehorizon-paysage.fr\/index.php\/wp-json\/wp\/v2\/types\/page"}],"author":[{"embeddable":true,"href":"https:\/\/rhizomehorizon-paysage.fr\/index.php\/wp-json\/wp\/v2\/users\/1"}],"replies":[{"embeddable":true,"href":"https:\/\/rhizomehorizon-paysage.fr\/index.php\/wp-json\/wp\/v2\/comments?post=560"}],"version-history":[{"count":9,"href":"https:\/\/rhizomehorizon-paysage.fr\/index.php\/wp-json\/wp\/v2\/pages\/560\/revisions"}],"predecessor-version":[{"id":1311,"href":"https:\/\/rhizomehorizon-paysage.fr\/index.php\/wp-json\/wp\/v2\/pages\/560\/revisions\/1311"}],"wp:attachment":[{"href":"https:\/\/rhizomehorizon-paysage.fr\/index.php\/wp-json\/wp\/v2\/media?parent=560"}],"curies":[{"name":"wp","href":"https:\/\/api.w.org\/{rel}","templated":true}]}}